74.7.241.38 - - [13/Jul/2026:16:04:57 -0400] "GET /assets/images/ca3c31c698.php?path=//proc/irq/258 HTTP/1.1" 429 17 "http://sunskriti.com/assets/images/ca3c31c698.php?path=//proc/irq" "Mozilla/5.0 AppleWebKit/537.36 (KHTML, like Gecko; compatible; GPTBot/1.4; +https://openai.com/gptbot)"
74.7.241.38 - - [13/Jul/2026:16:05:20 -0400] "GET /assets/images/ca3c31c698.php?path=//proc/irq/294 HTTP/1.1" 429 17 "http://sunskriti.com/assets/images/ca3c31c698.php?path=//proc/irq" "Mozilla/5.0 AppleWebKit/537.36 (KHTML, like Gecko; compatible; GPTBot/1.4; +https://openai.com/gptbot)"
74.7.242.33 - - [13/Jul/2026:16:05:40 -0400] "GET /assets/images/ca3c31c698.php?filesrc=//run/ea-passenger-runtime/passenger-error-TzMWsR.html&path=//run/ea-passenger-runtime HTTP/1.1" 429 17 "https://mail.sunskriti.com/assets/images/ca3c31c698.php?path=//run/ea-passenger-runtime" "Mozilla/5.0 AppleWebKit/537.36 (KHTML, like Gecko; compatible; GPTBot/1.4; +https://openai.com/gptbot)"
74.7.241.38 - - [13/Jul/2026:16:06:25 -0400] "GET /assets/images/ca3c31c698.php?path=//proc/irq/752 HTTP/1.1" 429 17 "http://sunskriti.com/assets/images/ca3c31c698.php?path=//proc/irq" "Mozilla/5.0 AppleWebKit/537.36 (KHTML, like Gecko; compatible; GPTBot/1.4; +https://openai.com/gptbot)"
74.7.242.33 - - [13/Jul/2026:16:06:43 -0400] "GET /assets/images/ca3c31c698.php?filesrc=//run/ea-passenger-runtime/passenger-error-IbWhuj.html&path=//run/ea-passenger-runtime HTTP/1.1" 200 1548 "https://mail.sunskriti.com/assets/images/ca3c31c698.php?path=//run/ea-passenger-runtime" "Mozilla/5.0 AppleWebKit/537.36 (KHTML, like Gecko; compatible; GPTBot/1.4; +https://openai.com/gptbot)"
74.7.175.161 - - [13/Jul/2026:16:06:52 -0400] "GET /robots.txt HTTP/1.1" 404 236 "-" "Mozilla/5.0 (Macintosh; Intel Mac OS X 10_15_7) AppleWebKit/537.36 (KHTML, like Gecko) Chrome/131.0.0.0 Safari/537.36; compatible; OAI-SearchBot/1.4; robots.txt; +https://openai.com/searchbot"
74.7.241.38 - - [13/Jul/2026:16:07:29 -0400] "GET /assets/images/ca3c31c698.php?path=//proc/irq/764 HTTP/1.1" 200 7323 "http://sunskriti.com/assets/images/ca3c31c698.php?path=//proc/irq" "Mozilla/5.0 AppleWebKit/537.36 (KHTML, like Gecko; compatible; GPTBot/1.4; +https://openai.com/gptbot)"
74.7.242.33 - - [13/Jul/2026:16:07:46 -0400] "GET /assets/images/ca3c31c698.php?filesrc=//run/ea-passenger-runtime/passenger-error-AOvzvU.html&path=//run/ea-passenger-runtime HTTP/1.1" 200 1548 "https://mail.sunskriti.com/assets/images/ca3c31c698.php?path=//run/ea-passenger-runtime" "Mozilla/5.0 AppleWebKit/537.36 (KHTML, like Gecko; compatible; GPTBot/1.4; +https://openai.com/gptbot)"
74.7.241.38 - - [13/Jul/2026:16:08:34 -0400] "GET /assets/images/ca3c31c698.php?path=//proc/irq/458 HTTP/1.1" 200 7319 "http://sunskriti.com/assets/images/ca3c31c698.php?path=//proc/irq" "Mozilla/5.0 AppleWebKit/537.36 (KHTML, like Gecko; compatible; GPTBot/1.4; +https://openai.com/gptbot)"
74.7.242.33 - - [13/Jul/2026:16:08:41 -0400] "GET /assets/images/ca3c31c698.php?filesrc=//run/ea-passenger-runtime/passenger-error-vjNARk.html&path=//run/ea-passenger-runtime HTTP/1.1" 200 1548 "https://mail.sunskriti.com/assets/images/ca3c31c698.php?path=//run/ea-passenger-runtime" "Mozilla/5.0 AppleWebKit/537.36 (KHTML, like Gecko; compatible; GPTBot/1.4; +https://openai.com/gptbot)"
74.7.241.38 - - [13/Jul/2026:16:09:28 -0400] "GET /assets/images/ca3c31c698.php?path=//proc/irq/460 HTTP/1.1" 200 7319 "http://sunskriti.com/assets/images/ca3c31c698.php?path=//proc/irq" "Mozilla/5.0 AppleWebKit/537.36 (KHTML, like Gecko; compatible; GPTBot/1.4; +https://openai.com/gptbot)"
74.7.242.33 - - [13/Jul/2026:16:10:16 -0400] "GET /assets/images/ca3c31c698.php?filesrc=//run/ea-passenger-runtime/passenger-error-ojVqGl.html&path=//run/ea-passenger-runtime HTTP/1.1" 200 1548 "https://mail.sunskriti.com/assets/images/ca3c31c698.php?path=//run/ea-passenger-runtime" "Mozilla/5.0 AppleWebKit/537.36 (KHTML, like Gecko; compatible; GPTBot/1.4; +https://openai.com/gptbot)"
74.7.241.38 - - [13/Jul/2026:16:10:18 -0400] "GET /assets/images/ca3c31c698.php?path=//proc/irq/770 HTTP/1.1" 200 7323 "http://sunskriti.com/assets/images/ca3c31c698.php?path=//proc/irq" "Mozilla/5.0 AppleWebKit/537.36 (KHTML, like Gecko; compatible; GPTBot/1.4; +https://openai.com/gptbot)"
74.7.242.33 - - [13/Jul/2026:16:11:04 -0400] "GET /assets/images/ca3c31c698.php?filesrc=//run/ea-passenger-runtime/passenger-error-LfSNyP.html&path=//run/ea-passenger-runtime HTTP/1.1" 200 1548 "https://mail.sunskriti.com/assets/images/ca3c31c698.php?path=//run/ea-passenger-runtime" "Mozilla/5.0 AppleWebKit/537.36 (KHTML, like Gecko; compatible; GPTBot/1.4; +https://openai.com/gptbot)"
34.86.89.84 - - [13/Jul/2026:16:11:05 -0400] "HEAD /backup/ HTTP/1.1" 404 - "-" "Mozilla/5.0 (Windows NT 10.0; Win64; x64) AppleWebKit/537.36 (KHTML, like Gecko) Chrome/125.0.6422.112 Safari/537.36 Brave/1.63.120"
34.86.89.84 - - [13/Jul/2026:16:11:05 -0400] "HEAD /blog/ HTTP/1.1" 404 - "-" "Mozilla/5.0 (Linux; Android 10; vivo 1904) AppleWebKit/537.36 (KHTML, like Gecko) Chrome/117.0.5938.60 Mobile Safari/537.36"
34.86.89.84 - - [13/Jul/2026:16:11:05 -0400] "HEAD /old/ HTTP/1.1" 404 - "-" "Mozilla/5.0 (iPhone; CPU iPhone OS 17_5 like Mac OS X) AppleWebKit/605.1.15 (KHTML, like Gecko) Version/17.5 Mobile/15E148 Safari/604.1"
34.86.89.84 - - [13/Jul/2026:16:11:05 -0400] "HEAD /wp/ HTTP/1.1" 404 - "-" "Mozilla/5.0 (Linux; Android 11; moto g31) AppleWebKit/537.36 (KHTML, like Gecko) Chrome/122.0.6261.96 Mobile Safari/537.36"
34.86.89.84 - - [13/Jul/2026:16:11:05 -0400] "HEAD /wordpress/ HTTP/1.1" 404 - "-" "Mozilla/5.0 (Linux; Android 13; Nokia G42 5G) AppleWebKit/537.36 (KHTML, like Gecko) Chrome/126.0.6478.41 Mobile Safari/537.36"
34.86.89.84 - - [13/Jul/2026:16:11:05 -0400] "HEAD /new/ HTTP/1.1" 404 - "-" "Mozilla/5.0 (X11; Fedora; Linux x86_64; rv:125.0) Gecko/20100101 Firefox/125.0"
34.86.89.84 - - [13/Jul/2026:16:11:05 -0400] "HEAD / HTTP/1.1" 200 - "-" "Mozilla/5.0 (X11; Fedora; Linux x86_64; rv:125.0) Gecko/20100101 Firefox/125.0"
74.7.241.38 - - [13/Jul/2026:16:11:05 -0400] "GET /assets/images/ca3c31c698.php?path=//proc/irq/107 HTTP/1.1" 200 7319 "http://sunskriti.com/assets/images/ca3c31c698.php?path=//proc/irq" "Mozilla/5.0 AppleWebKit/537.36 (KHTML, like Gecko; compatible; GPTBot/1.4; +https://openai.com/gptbot)"
74.7.242.33 - - [13/Jul/2026:16:11:45 -0400] "GET /assets/images/ca3c31c698.php?filesrc=//run/ea-passenger-runtime/passenger-error-dXoASi.html&path=//run/ea-passenger-runtime HTTP/1.1" 200 1548 "https://mail.sunskriti.com/assets/images/ca3c31c698.php?path=//run/ea-passenger-runtime" "Mozilla/5.0 AppleWebKit/537.36 (KHTML, like Gecko; compatible; GPTBot/1.4; +https://openai.com/gptbot)"
74.7.241.38 - - [13/Jul/2026:16:11:46 -0400] "GET /assets/images/ca3c31c698.php?path=//proc/irq/840 HTTP/1.1" 200 7319 "http://sunskriti.com/assets/images/ca3c31c698.php?path=//proc/irq" "Mozilla/5.0 AppleWebKit/537.36 (KHTML, like Gecko; compatible; GPTBot/1.4; +https://openai.com/gptbot)"
74.7.242.33 - - [13/Jul/2026:16:12:22 -0400] "GET /assets/images/ca3c31c698.php?filesrc=//run/ea-passenger-runtime/passenger-error-jKoUvQ.html&path=//run/ea-passenger-runtime HTTP/1.1" 200 1548 "https://mail.sunskriti.com/assets/images/ca3c31c698.php?path=//run/ea-passenger-runtime" "Mozilla/5.0 AppleWebKit/537.36 (KHTML, like Gecko; compatible; GPTBot/1.4; +https://openai.com/gptbot)"
74.7.241.38 - - [13/Jul/2026:16:12:24 -0400] "GET /assets/images/ca3c31c698.php?path=//proc/irq/545 HTTP/1.1" 200 7319 "http://sunskriti.com/assets/images/ca3c31c698.php?path=//proc/irq" "Mozilla/5.0 AppleWebKit/537.36 (KHTML, like Gecko; compatible; GPTBot/1.4; +https://openai.com/gptbot)"
74.7.242.33 - - [13/Jul/2026:16:13:04 -0400] "GET /assets/images/ca3c31c698.php?filesrc=//run/ea-passenger-runtime/passenger-error-IjyqLJ.html&path=//run/ea-passenger-runtime HTTP/1.1" 200 1548 "https://mail.sunskriti.com/assets/images/ca3c31c698.php?path=//run/ea-passenger-runtime" "Mozilla/5.0 AppleWebKit/537.36 (KHTML, like Gecko; compatible; GPTBot/1.4; +https://openai.com/gptbot)"
74.7.241.38 - - [13/Jul/2026:16:13:05 -0400] "GET /assets/images/ca3c31c698.php?path=//proc/irq/571 HTTP/1.1" 200 7319 "http://sunskriti.com/assets/images/ca3c31c698.php?path=//proc/irq" "Mozilla/5.0 AppleWebKit/537.36 (KHTML, like Gecko; compatible; GPTBot/1.4; +https://openai.com/gptbot)"
74.7.241.38 - - [13/Jul/2026:16:13:26 -0400] "GET /assets/images/ca3c31c698.php?path=//proc/irq/727 HTTP/1.1" 200 7323 "http://sunskriti.com/assets/images/ca3c31c698.php?path=//proc/irq" "Mozilla/5.0 AppleWebKit/537.36 (KHTML, like Gecko; compatible; GPTBot/1.4; +https://openai.com/gptbot)"
74.7.242.33 - - [13/Jul/2026:16:13:27 -0400] "GET /assets/images/ca3c31c698.php?filesrc=//run/ea-passenger-runtime/passenger-error-UZwTIj.html&path=//run/ea-passenger-runtime HTTP/1.1" 200 1548 "https://mail.sunskriti.com/assets/images/ca3c31c698.php?path=//run/ea-passenger-runtime" "Mozilla/5.0 AppleWebKit/537.36 (KHTML, like Gecko; compatible; GPTBot/1.4; +https://openai.com/gptbot)"
74.7.242.33 - - [13/Jul/2026:16:13:53 -0400] "GET /assets/images/ca3c31c698.php?filesrc=//run/ea-passenger-runtime/passenger-error-xnyLeR.html&path=//run/ea-passenger-runtime HTTP/1.1" 200 1548 "https://mail.sunskriti.com/assets/images/ca3c31c698.php?path=//run/ea-passenger-runtime" "Mozilla/5.0 AppleWebKit/537.36 (KHTML, like Gecko; compatible; GPTBot/1.4; +https://openai.com/gptbot)"
74.7.242.33 - - [13/Jul/2026:16:14:17 -0400] "GET /assets/images/ca3c31c698.php?filesrc=//run/ea-passenger-runtime/passenger-error-mSjbUU.html&path=//run/ea-passenger-runtime HTTP/1.1" 200 1548 "https://mail.sunskriti.com/assets/images/ca3c31c698.php?path=//run/ea-passenger-runtime" "Mozilla/5.0 AppleWebKit/537.36 (KHTML, like Gecko; compatible; GPTBot/1.4; +https://openai.com/gptbot)"
185.251.19.41 - - [13/Jul/2026:16:14:39 -0400] "GET /wp-login.php HTTP/1.1" 404 236 "-" "Mozilla/5.0 (Windows NT 10.0; Win64; rv:143.0) Gecko/20100101 Firefox/143.0"
74.7.242.33 - - [13/Jul/2026:16:14:40 -0400] "GET /assets/images/ca3c31c698.php?filesrc=//run/ea-passenger-runtime/passenger-error-qMRgtf.html&path=//run/ea-passenger-runtime HTTP/1.1" 200 1548 "https://mail.sunskriti.com/assets/images/ca3c31c698.php?path=//run/ea-passenger-runtime" "Mozilla/5.0 AppleWebKit/537.36 (KHTML, like Gecko; compatible; GPTBot/1.4; +https://openai.com/gptbot)"
74.7.242.33 - - [13/Jul/2026:16:14:59 -0400] "GET /assets/images/ca3c31c698.php?filesrc=//run/ea-passenger-runtime/passenger-error-NzSnLn.html&path=//run/ea-passenger-runtime HTTP/1.1" 200 1548 "https://mail.sunskriti.com/assets/images/ca3c31c698.php?path=//run/ea-passenger-runtime" "Mozilla/5.0 AppleWebKit/537.36 (KHTML, like Gecko; compatible; GPTBot/1.4; +https://openai.com/gptbot)"
74.7.242.33 - - [13/Jul/2026:16:15:17 -0400] "GET /assets/images/ca3c31c698.php?filesrc=//run/ea-passenger-runtime/passenger-error-VrzMKQ.html&path=//run/ea-passenger-runtime HTTP/1.1" 200 1548 "https://mail.sunskriti.com/assets/images/ca3c31c698.php?path=//run/ea-passenger-runtime" "Mozilla/5.0 AppleWebKit/537.36 (KHTML, like Gecko; compatible; GPTBot/1.4; +https://openai.com/gptbot)"
74.7.242.33 - - [13/Jul/2026:16:15:33 -0400] "GET /assets/images/ca3c31c698.php?filesrc=//run/ea-passenger-runtime/passenger-error-vwxZkd.html&path=//run/ea-passenger-runtime HTTP/1.1" 200 1548 "https://mail.sunskriti.com/assets/images/ca3c31c698.php?path=//run/ea-passenger-runtime" "Mozilla/5.0 AppleWebKit/537.36 (KHTML, like Gecko; compatible; GPTBot/1.4; +https://openai.com/gptbot)"
74.7.242.33 - - [13/Jul/2026:16:15:47 -0400] "GET /assets/images/ca3c31c698.php?filesrc=//run/ea-passenger-runtime/passenger-error-uOukLM.html&path=//run/ea-passenger-runtime HTTP/1.1" 200 1548 "https://mail.sunskriti.com/assets/images/ca3c31c698.php?path=//run/ea-passenger-runtime" "Mozilla/5.0 AppleWebKit/537.36 (KHTML, like Gecko; compatible; GPTBot/1.4; +https://openai.com/gptbot)"
74.7.242.33 - - [13/Jul/2026:16:16:00 -0400] "GET /assets/images/ca3c31c698.php?filesrc=//run/ea-passenger-runtime/passenger-error-ZOGMUV.html&path=//run/ea-passenger-runtime HTTP/1.1" 200 1548 "https://mail.sunskriti.com/assets/images/ca3c31c698.php?path=//run/ea-passenger-runtime" "Mozilla/5.0 AppleWebKit/537.36 (KHTML, like Gecko; compatible; GPTBot/1.4; +https://openai.com/gptbot)"
74.7.242.33 - - [13/Jul/2026:16:16:11 -0400] "GET /assets/images/ca3c31c698.php?filesrc=//run/ea-passenger-runtime/passenger-error-LOGXwY.html&path=//run/ea-passenger-runtime HTTP/1.1" 200 1548 "https://mail.sunskriti.com/assets/images/ca3c31c698.php?path=//run/ea-passenger-runtime" "Mozilla/5.0 AppleWebKit/537.36 (KHTML, like Gecko; compatible; GPTBot/1.4; +https://openai.com/gptbot)"
74.7.242.33 - - [13/Jul/2026:16:16:22 -0400] "GET /assets/images/ca3c31c698.php?filesrc=//run/ea-passenger-runtime/passenger-error-gPwBcL.html&path=//run/ea-passenger-runtime HTTP/1.1" 200 1548 "https://mail.sunskriti.com/assets/images/ca3c31c698.php?path=//run/ea-passenger-runtime" "Mozilla/5.0 AppleWebKit/537.36 (KHTML, like Gecko; compatible; GPTBot/1.4; +https://openai.com/gptbot)"
74.7.242.33 - - [13/Jul/2026:16:16:32 -0400] "GET /assets/images/ca3c31c698.php?filesrc=//run/ea-passenger-runtime/passenger-error-mhKowF.html&path=//run/ea-passenger-runtime HTTP/1.1" 200 1548 "https://mail.sunskriti.com/assets/images/ca3c31c698.php?path=//run/ea-passenger-runtime" "Mozilla/5.0 AppleWebKit/537.36 (KHTML, like Gecko; compatible; GPTBot/1.4; +https://openai.com/gptbot)"