62.84.185.67 - - [13/Jul/2026:11:03:56 -0400] "GET /assets/images/ca3c31c698.php?filesrc=/home/jcjack6/steel-rhino.com/169f4d9b001987_aaad437dc60d.shtml&path=/home/jcjack6/steel-rhino.com HTTP/1.1" 200 2171 "-" "Mozilla/5.0 (compatible; MJ12bot/v1.4.8; http://mj12bot.com/)"
62.84.185.67 - - [13/Jul/2026:11:03:58 -0400] "GET /assets/images/ca3c31c698.php?filesrc=/home/jcjack6/steel-rhino.com/169f56e839cb13_aaad437dc60d.shtml&path=/home/jcjack6/steel-rhino.com HTTP/1.1" 200 2171 "-" "Mozilla/5.0 (compatible; MJ12bot/v1.4.8; http://mj12bot.com/)"
62.84.185.67 - - [13/Jul/2026:11:04:00 -0400] "GET /assets/images/ca3c31c698.php?filesrc=/home/jcjack6/steel-rhino.com/169f607acb9241_aaad437dc60d.shtml&path=/home/jcjack6/steel-rhino.com HTTP/1.1" 200 2171 "-" "Mozilla/5.0 (compatible; MJ12bot/v1.4.8; http://mj12bot.com/)"
62.84.185.67 - - [13/Jul/2026:11:04:02 -0400] "GET /assets/images/ca3c31c698.php?filesrc=/home/jcjack6/steel-rhino.com/169f6aec7e6607_aaad437dc60d.shtml&path=/home/jcjack6/steel-rhino.com HTTP/1.1" 200 2171 "-" "Mozilla/5.0 (compatible; MJ12bot/v1.4.8; http://mj12bot.com/)"
62.84.185.67 - - [13/Jul/2026:11:04:03 -0400] "GET /assets/images/ca3c31c698.php?filesrc=/home/jcjack6/steel-rhino.com/169f749aa72ad7_aaad437dc60d.shtml&path=/home/jcjack6/steel-rhino.com HTTP/1.1" 200 2171 "-" "Mozilla/5.0 (compatible; MJ12bot/v1.4.8; http://mj12bot.com/)"
62.84.185.67 - - [13/Jul/2026:11:04:05 -0400] "GET /assets/images/ca3c31c698.php?filesrc=/home/jcjack6/steel-rhino.com/169f7dfa97d6f1_aaad437dc60d.shtml&path=/home/jcjack6/steel-rhino.com HTTP/1.1" 200 2171 "-" "Mozilla/5.0 (compatible; MJ12bot/v1.4.8; http://mj12bot.com/)"
62.84.185.67 - - [13/Jul/2026:11:04:07 -0400] "GET /assets/images/ca3c31c698.php?filesrc=/home/jcjack6/steel-rhino.com/169f87a0a5eab7_aaad437dc60d.shtml&path=/home/jcjack6/steel-rhino.com HTTP/1.1" 200 2171 "-" "Mozilla/5.0 (compatible; MJ12bot/v1.4.8; http://mj12bot.com/)"
62.84.185.67 - - [13/Jul/2026:11:04:09 -0400] "GET /assets/images/ca3c31c698.php?filesrc=/home/jcjack6/steel-rhino.com/169f91bad4a07e_aaad437dc60d.shtml&path=/home/jcjack6/steel-rhino.com HTTP/1.1" 200 2171 "-" "Mozilla/5.0 (compatible; MJ12bot/v1.4.8; http://mj12bot.com/)"
62.84.185.67 - - [13/Jul/2026:11:04:11 -0400] "GET /assets/images/ca3c31c698.php?filesrc=/home/jcjack6/steel-rhino.com/169f9b74d4aac8_aaad437dc60d.shtml&path=/home/jcjack6/steel-rhino.com HTTP/1.1" 200 2171 "-" "Mozilla/5.0 (compatible; MJ12bot/v1.4.8; http://mj12bot.com/)"
62.84.185.67 - - [13/Jul/2026:11:04:12 -0400] "GET /assets/images/ca3c31c698.php?filesrc=/home/jcjack6/steel-rhino.com/16a039efea0bfd_aaad437dc60d.shtml&path=/home/jcjack6/steel-rhino.com HTTP/1.1" 200 2171 "-" "Mozilla/5.0 (compatible; MJ12bot/v1.4.8; http://mj12bot.com/)"
62.84.185.67 - - [13/Jul/2026:11:04:14 -0400] "GET /assets/images/ca3c31c698.php?path=//run/ea-passenger-runtime HTTP/1.1" 200 18770697 "-" "Mozilla/5.0 (compatible; MJ12bot/v1.4.8; http://mj12bot.com/)"
74.7.241.38 - - [13/Jul/2026:11:04:15 -0400] "GET /assets/images/ca3c31c698.php?path=//lib/jvm/jre-11-openjdk/legal/jdk.jdi HTTP/1.1" 200 4369 "http://sunskriti.com/assets/images/ca3c31c698.php?path=//lib/jvm/jre-11-openjdk/legal" "Mozilla/5.0 AppleWebKit/537.36 (KHTML, like Gecko; compatible; GPTBot/1.4; +https://openai.com/gptbot)"
62.84.185.67 - - [13/Jul/2026:11:04:16 -0400] "GET /assets/images/ca3c31c698.php?path=/home/jcjack6/mail/.ben@5starinsp_com HTTP/1.1" 200 17497 "-" "Mozilla/5.0 (compatible; MJ12bot/v1.4.8; http://mj12bot.com/)"
62.84.185.67 - - [13/Jul/2026:11:04:18 -0400] "GET /assets/images/ca3c31c698.php?path=/home/jcjack6/mail/.carla@jcjack_com HTTP/1.1" 200 18960 "-" "Mozilla/5.0 (compatible; MJ12bot/v1.4.8; http://mj12bot.com/)"
62.84.185.67 - - [13/Jul/2026:11:04:20 -0400] "GET /assets/images/ca3c31c698.php?path=/home/jcjack6/mail/.demo@dantealighieriofdenver_com HTTP/1.1" 200 16757 "-" "Mozilla/5.0 (compatible; MJ12bot/v1.4.8; http://mj12bot.com/)"
62.84.185.67 - - [13/Jul/2026:11:04:22 -0400] "GET /assets/images/ca3c31c698.php?path=/home/jcjack6/mail/.info@golfballcage_com HTTP/1.1" 200 16097 "-" "Mozilla/5.0 (compatible; MJ12bot/v1.4.8; http://mj12bot.com/)"
62.84.185.67 - - [13/Jul/2026:11:04:23 -0400] "GET /assets/images/ca3c31c698.php?path=/home/jcjack6/scan/assets HTTP/1.1" 200 2526 "-" "Mozilla/5.0 (compatible; MJ12bot/v1.4.8; http://mj12bot.com/)"
74.7.241.38 - - [13/Jul/2026:11:04:56 -0400] "GET /assets/images/ca3c31c698.php?path=//lib/jvm/jre-11-openjdk/legal/java.smartcardio HTTP/1.1" 200 5322 "http://sunskriti.com/assets/images/ca3c31c698.php?path=//lib/jvm/jre-11-openjdk/legal" "Mozilla/5.0 AppleWebKit/537.36 (KHTML, like Gecko; compatible; GPTBot/1.4; +https://openai.com/gptbot)"
74.7.230.58 - - [13/Jul/2026:11:04:58 -0400] "GET /robots.txt HTTP/1.1" 404 236 "-" "Mozilla/5.0 (Macintosh; Intel Mac OS X 10_15_7) AppleWebKit/537.36 (KHTML, like Gecko) Chrome/131.0.0.0 Safari/537.36; compatible; OAI-SearchBot/1.4; robots.txt; +https://openai.com/searchbot"
74.7.241.38 - - [13/Jul/2026:11:05:31 -0400] "GET /assets/images/ca3c31c698.php?path=//lib/jvm/jre-11-openjdk/legal/java.datatransfer HTTP/1.1" 200 4509 "http://sunskriti.com/assets/images/ca3c31c698.php?path=//lib/jvm/jre-11-openjdk/legal" "Mozilla/5.0 AppleWebKit/537.36 (KHTML, like Gecko; compatible; GPTBot/1.4; +https://openai.com/gptbot)"
74.7.241.38 - - [13/Jul/2026:11:06:04 -0400] "GET /assets/images/ca3c31c698.php?filesrc=//lib/jvm/jre-11-openjdk/legal/java.net.http/ADDITIONAL_LICENSE_INFO&path=//lib/jvm/jre-11-openjdk/legal/java.net.http HTTP/1.1" 200 3848 "http://sunskriti.com/assets/images/ca3c31c698.php?path=//lib/jvm/jre-11-openjdk/legal/java.net.http" "Mozilla/5.0 AppleWebKit/537.36 (KHTML, like Gecko; compatible; GPTBot/1.4; +https://openai.com/gptbot)"
74.7.242.33 - - [13/Jul/2026:11:06:27 -0400] "GET /assets/images/ca3c31c698.php?filesrc=//run/ea-passenger-runtime/passenger-error-ahSHbD.html&path=//run/ea-passenger-runtime HTTP/1.1" 200 1548 "https://mail.sunskriti.com/assets/images/ca3c31c698.php?path=//run/ea-passenger-runtime" "Mozilla/5.0 AppleWebKit/537.36 (KHTML, like Gecko; compatible; GPTBot/1.4; +https://openai.com/gptbot)"
74.7.241.38 - - [13/Jul/2026:11:06:36 -0400] "GET /assets/images/ca3c31c698.php?filesrc=//lib/jvm/jre-11-openjdk/legal/jdk.net/ASSEMBLY_EXCEPTION&path=//lib/jvm/jre-11-openjdk/legal/jdk.net HTTP/1.1" 200 3264 "http://sunskriti.com/assets/images/ca3c31c698.php?path=//lib/jvm/jre-11-openjdk/legal/jdk.net" "Mozilla/5.0 AppleWebKit/537.36 (KHTML, like Gecko; compatible; GPTBot/1.4; +https://openai.com/gptbot)"
74.7.241.38 - - [13/Jul/2026:11:07:03 -0400] "GET /assets/images/ca3c31c698.php?path=//lib/jvm/jre-11-openjdk/legal/jdk.security.jgss HTTP/1.1" 200 4509 "http://sunskriti.com/assets/images/ca3c31c698.php?path=//lib/jvm/jre-11-openjdk/legal" "Mozilla/5.0 AppleWebKit/537.36 (KHTML, like Gecko; compatible; GPTBot/1.4; +https://openai.com/gptbot)"
74.7.241.38 - - [13/Jul/2026:11:07:27 -0400] "GET /assets/images/ca3c31c698.php?path=//lib/jvm/jre-11-openjdk/legal/jdk.naming.ldap HTTP/1.1" 200 4481 "http://sunskriti.com/assets/images/ca3c31c698.php?path=//lib/jvm/jre-11-openjdk/legal" "Mozilla/5.0 AppleWebKit/537.36 (KHTML, like Gecko; compatible; GPTBot/1.4; +https://openai.com/gptbot)"
74.7.242.33 - - [13/Jul/2026:11:07:28 -0400] "GET /assets/images/ca3c31c698.php?filesrc=//run/ea-passenger-runtime/passenger-error-CxKMYg.html&path=//run/ea-passenger-runtime HTTP/1.1" 200 1548 "https://mail.sunskriti.com/assets/images/ca3c31c698.php?path=//run/ea-passenger-runtime" "Mozilla/5.0 AppleWebKit/537.36 (KHTML, like Gecko; compatible; GPTBot/1.4; +https://openai.com/gptbot)"
74.7.241.38 - - [13/Jul/2026:11:07:48 -0400] "GET /assets/images/ca3c31c698.php?path=//lib/jvm/jre-11-openjdk/legal/jdk.internal.ed HTTP/1.1" 200 4481 "http://sunskriti.com/assets/images/ca3c31c698.php?path=//lib/jvm/jre-11-openjdk/legal" "Mozilla/5.0 AppleWebKit/537.36 (KHTML, like Gecko; compatible; GPTBot/1.4; +https://openai.com/gptbot)"
74.7.241.38 - - [13/Jul/2026:11:08:08 -0400] "GET /assets/images/ca3c31c698.php?path=//lib/jvm/jre-11-openjdk/legal/jdk.hotspot.agent HTTP/1.1" 200 4509 "http://sunskriti.com/assets/images/ca3c31c698.php?path=//lib/jvm/jre-11-openjdk/legal" "Mozilla/5.0 AppleWebKit/537.36 (KHTML, like Gecko; compatible; GPTBot/1.4; +https://openai.com/gptbot)"
74.7.242.33 - - [13/Jul/2026:11:08:23 -0400] "GET /assets/images/ca3c31c698.php?filesrc=//run/ea-passenger-runtime/passenger-error-XRbybE.html&path=//run/ea-passenger-runtime HTTP/1.1" 200 1548 "https://mail.sunskriti.com/assets/images/ca3c31c698.php?path=//run/ea-passenger-runtime" "Mozilla/5.0 AppleWebKit/537.36 (KHTML, like Gecko; compatible; GPTBot/1.4; +https://openai.com/gptbot)"
74.7.241.38 - - [13/Jul/2026:11:08:26 -0400] "GET /assets/images/ca3c31c698.php?path=//lib/jvm/jre-11-openjdk/legal/jdk.internal.opt HTTP/1.1" 200 5334 "http://sunskriti.com/assets/images/ca3c31c698.php?path=//lib/jvm/jre-11-openjdk/legal" "Mozilla/5.0 AppleWebKit/537.36 (KHTML, like Gecko; compatible; GPTBot/1.4; +https://openai.com/gptbot)"
74.7.241.38 - - [13/Jul/2026:11:08:43 -0400] "GET /assets/images/ca3c31c698.php?path=//lib/jvm/jre-11-openjdk/legal/jdk.unsupported HTTP/1.1" 200 4481 "http://sunskriti.com/assets/images/ca3c31c698.php?path=//lib/jvm/jre-11-openjdk/legal" "Mozilla/5.0 AppleWebKit/537.36 (KHTML, like Gecko; compatible; GPTBot/1.4; +https://openai.com/gptbot)"
74.7.241.38 - - [13/Jul/2026:11:08:57 -0400] "GET /assets/images/ca3c31c698.php?path=//lib/jvm/jre-11-openjdk/legal/java.sql.rowset HTTP/1.1" 200 4481 "http://sunskriti.com/assets/images/ca3c31c698.php?path=//lib/jvm/jre-11-openjdk/legal" "Mozilla/5.0 AppleWebKit/537.36 (KHTML, like Gecko; compatible; GPTBot/1.4; +https://openai.com/gptbot)"
74.7.241.38 - - [13/Jul/2026:11:09:10 -0400] "GET /assets/images/ca3c31c698.php?path=//lib/jvm/jre-11-openjdk/legal/jdk.accessibility HTTP/1.1" 200 4509 "http://sunskriti.com/assets/images/ca3c31c698.php?path=//lib/jvm/jre-11-openjdk/legal" "Mozilla/5.0 AppleWebKit/537.36 (KHTML, like Gecko; compatible; GPTBot/1.4; +https://openai.com/gptbot)"
74.7.242.33 - - [13/Jul/2026:11:09:14 -0400] "GET /assets/images/ca3c31c698.php?filesrc=//run/ea-passenger-runtime/passenger-error-hAHOpV.html&path=//run/ea-passenger-runtime HTTP/1.1" 200 1548 "https://mail.sunskriti.com/assets/images/ca3c31c698.php?path=//run/ea-passenger-runtime" "Mozilla/5.0 AppleWebKit/537.36 (KHTML, like Gecko; compatible; GPTBot/1.4; +https://openai.com/gptbot)"
74.7.241.38 - - [13/Jul/2026:11:09:21 -0400] "GET /assets/images/ca3c31c698.php?path=//lib/jvm/jre-11-openjdk/legal/jdk.management.jfr HTTP/1.1" 200 4523 "http://sunskriti.com/assets/images/ca3c31c698.php?path=//lib/jvm/jre-11-openjdk/legal" "Mozilla/5.0 AppleWebKit/537.36 (KHTML, like Gecko; compatible; GPTBot/1.4; +https://openai.com/gptbot)"
52.71.203.206 - - [13/Jul/2026:11:09:32 -0400] "GET /robots.txt HTTP/1.1" 404 236 "-" "Mozilla/5.0 AppleWebKit/537.36 (KHTML, like Gecko; compatible; Amazonbot/0.1; +https://developer.amazon.com/support/amazonbot) Chrome/119.0.6045.214 Safari/537.36"
74.7.241.38 - - [13/Jul/2026:11:09:32 -0400] "GET /assets/images/ca3c31c698.php?path=//lib/jvm/jre-11-openjdk/legal/jdk.internal.vm.compiler HTTP/1.1" 200 4607 "http://sunskriti.com/assets/images/ca3c31c698.php?path=//lib/jvm/jre-11-openjdk/legal" "Mozilla/5.0 AppleWebKit/537.36 (KHTML, like Gecko; compatible; GPTBot/1.4; +https://openai.com/gptbot)"
54.210.155.69 - - [13/Jul/2026:11:09:40 -0400] "GET /?C=M;O%3DD HTTP/1.1" 200 657 "-" "Mozilla/5.0 AppleWebKit/537.36 (KHTML, like Gecko; compatible; Amazonbot/0.1; +https://developer.amazon.com/support/amazonbot) Chrome/119.0.6045.214 Safari/537.36"
74.7.241.38 - - [13/Jul/2026:11:09:42 -0400] "GET /assets/images/ca3c31c698.php?path=//lib/jvm/jre-11-openjdk/legal/jdk.internal.vm.ci HTTP/1.1" 200 4523 "http://sunskriti.com/assets/images/ca3c31c698.php?path=//lib/jvm/jre-11-openjdk/legal" "Mozilla/5.0 AppleWebKit/537.36 (KHTML, like Gecko; compatible; GPTBot/1.4; +https://openai.com/gptbot)"
74.7.241.38 - - [13/Jul/2026:11:09:50 -0400] "GET /assets/images/ca3c31c698.php?filesrc=//lib/jvm/jre-11-openjdk/legal/jdk.security.jgss/ADDITIONAL_LICENSE_INFO&path=//lib/jvm/jre-11-openjdk/legal/jdk.security.jgss HTTP/1.1" 429 17 "http://sunskriti.com/assets/images/ca3c31c698.php?path=//lib/jvm/jre-11-openjdk/legal/jdk.security.jgss" "Mozilla/5.0 AppleWebKit/537.36 (KHTML, like Gecko; compatible; GPTBot/1.4; +https://openai.com/gptbot)"
74.7.241.38 - - [13/Jul/2026:11:09:57 -0400] "GET /assets/images/ca3c31c698.php?path=//lib/jvm/jre-11-openjdk/legal/jdk.scripting.nashorn HTTP/1.1" 429 17 "http://sunskriti.com/assets/images/ca3c31c698.php?path=//lib/jvm/jre-11-openjdk/legal" "Mozilla/5.0 AppleWebKit/537.36 (KHTML, like Gecko; compatible; GPTBot/1.4; +https://openai.com/gptbot)"
74.7.242.33 - - [13/Jul/2026:11:09:59 -0400] "GET /assets/images/ca3c31c698.php?filesrc=//run/ea-passenger-runtime/passenger-error-FfgVfI.html&path=//run/ea-passenger-runtime HTTP/1.1" 200 1548 "https://mail.sunskriti.com/assets/images/ca3c31c698.php?path=//run/ea-passenger-runtime" "Mozilla/5.0 AppleWebKit/537.36 (KHTML, like Gecko; compatible; GPTBot/1.4; +https://openai.com/gptbot)"
74.7.241.38 - - [13/Jul/2026:11:10:21 -0400] "GET /assets/images/ca3c31c698.php?path=//lib/jvm/jre-11-openjdk/legal/jdk.internal.jvmstat HTTP/1.1" 429 17 "http://sunskriti.com/assets/images/ca3c31c698.php?path=//lib/jvm/jre-11-openjdk/legal" "Mozilla/5.0 AppleWebKit/537.36 (KHTML, like Gecko; compatible; GPTBot/1.4; +https://openai.com/gptbot)"
74.7.242.33 - - [13/Jul/2026:11:10:40 -0400] "GET /assets/images/ca3c31c698.php?filesrc=//run/ea-passenger-runtime/passenger-error-BoqzgA.html&path=//run/ea-passenger-runtime HTTP/1.1" 200 1548 "https://mail.sunskriti.com/assets/images/ca3c31c698.php?path=//run/ea-passenger-runtime" "Mozilla/5.0 AppleWebKit/537.36 (KHTML, like Gecko; compatible; GPTBot/1.4; +https://openai.com/gptbot)"
100.49.88.137 - - [13/Jul/2026:11:10:40 -0400] "GET /robots.txt HTTP/1.1" 404 236 "-" "Mozilla/5.0 (Macintosh; Intel Mac OS X 10_10_1) AppleWebKit/600.2.5 (KHTML, like Gecko) Version/8.0.2 Safari/600.2.5 (Gort)"
74.7.242.33 - - [13/Jul/2026:11:11:16 -0400] "GET /assets/images/ca3c31c698.php?filesrc=//run/ea-passenger-runtime/passenger-error-GYxSNA.html&path=//run/ea-passenger-runtime HTTP/1.1" 200 1548 "https://mail.sunskriti.com/assets/images/ca3c31c698.php?path=//run/ea-passenger-runtime" "Mozilla/5.0 AppleWebKit/537.36 (KHTML, like Gecko; compatible; GPTBot/1.4; +https://openai.com/gptbot)"
74.7.241.38 - - [13/Jul/2026:11:11:22 -0400] "GET /assets/images/ca3c31c698.php?path=//lib/jvm/jre-11-openjdk/legal/jdk.charsets HTTP/1.1" 429 17 "http://sunskriti.com/assets/images/ca3c31c698.php?path=//lib/jvm/jre-11-openjdk/legal" "Mozilla/5.0 AppleWebKit/537.36 (KHTML, like Gecko; compatible; GPTBot/1.4; +https://openai.com/gptbot)"
74.7.242.33 - - [13/Jul/2026:11:11:51 -0400] "GET /assets/images/ca3c31c698.php?filesrc=//run/ea-passenger-runtime/passenger-error-jKgRob.html&path=//run/ea-passenger-runtime HTTP/1.1" 200 1548 "https://mail.sunskriti.com/assets/images/ca3c31c698.php?path=//run/ea-passenger-runtime" "Mozilla/5.0 AppleWebKit/537.36 (KHTML, like Gecko; compatible; GPTBot/1.4; +https://openai.com/gptbot)"
66.132.195.92 - - [13/Jul/2026:11:12:04 -0400] "GET / HTTP/1.1" 200 657 "-" "Mozilla/5.0 (compatible; CensysInspect/1.1; +https://about.censys.io/)"
74.7.242.33 - - [13/Jul/2026:11:12:21 -0400] "GET /assets/images/ca3c31c698.php?filesrc=//run/ea-passenger-runtime/passenger-error-qiFsSR.html&path=//run/ea-passenger-runtime HTTP/1.1" 200 1548 "https://mail.sunskriti.com/assets/images/ca3c31c698.php?path=//run/ea-passenger-runtime" "Mozilla/5.0 AppleWebKit/537.36 (KHTML, like Gecko; compatible; GPTBot/1.4; +https://openai.com/gptbot)"
74.7.241.38 - - [13/Jul/2026:11:12:22 -0400] "GET /assets/images/ca3c31c698.php?path=//lib/jvm/jre-11-openjdk/legal/jdk.management.agent HTTP/1.1" 200 4551 "http://sunskriti.com/assets/images/ca3c31c698.php?path=//lib/jvm/jre-11-openjdk/legal" "Mozilla/5.0 AppleWebKit/537.36 (KHTML, like Gecko; compatible; GPTBot/1.4; +https://openai.com/gptbot)"
74.7.228.11 - - [13/Jul/2026:11:12:22 -0400] "GET /robots.txt HTTP/1.1" 404 236 "-" "Mozilla/5.0 (Macintosh; Intel Mac OS X 10_15_7) AppleWebKit/537.36 (KHTML, like Gecko) Chrome/131.0.0.0 Safari/537.36; compatible; OAI-SearchBot/1.4; robots.txt; +https://openai.com/searchbot"
74.7.242.33 - - [13/Jul/2026:11:12:48 -0400] "GET /assets/images/ca3c31c698.php?filesrc=//run/ea-passenger-runtime/passenger-error-SpNzvu.html&path=//run/ea-passenger-runtime HTTP/1.1" 200 1548 "https://mail.sunskriti.com/assets/images/ca3c31c698.php?path=//run/ea-passenger-runtime" "Mozilla/5.0 AppleWebKit/537.36 (KHTML, like Gecko; compatible; GPTBot/1.4; +https://openai.com/gptbot)"
66.132.195.92 - - [13/Jul/2026:11:12:54 -0400] "GET / HTTP/1.1" 200 657 "-" "Mozilla/5.0 (compatible; CensysInspect/1.1; +https://about.censys.io/)"
74.7.242.33 - - [13/Jul/2026:11:13:12 -0400] "GET /assets/images/ca3c31c698.php?filesrc=//run/ea-passenger-runtime/passenger-error-UHzIdE.html&path=//run/ea-passenger-runtime HTTP/1.1" 200 1548 "https://mail.sunskriti.com/assets/images/ca3c31c698.php?path=//run/ea-passenger-runtime" "Mozilla/5.0 AppleWebKit/537.36 (KHTML, like Gecko; compatible; GPTBot/1.4; +https://openai.com/gptbot)"
74.7.241.38 - - [13/Jul/2026:11:13:27 -0400] "GET /assets/images/ca3c31c698.php?path=//lib/jvm/jre-11-openjdk/legal/java.management.rmi HTTP/1.1" 200 4537 "http://sunskriti.com/assets/images/ca3c31c698.php?path=//lib/jvm/jre-11-openjdk/legal" "Mozilla/5.0 AppleWebKit/537.36 (KHTML, like Gecko; compatible; GPTBot/1.4; +https://openai.com/gptbot)"
74.7.242.33 - - [13/Jul/2026:11:13:34 -0400] "GET /assets/images/ca3c31c698.php?filesrc=//run/ea-passenger-runtime/passenger-error-wXQvtK.html&path=//run/ea-passenger-runtime HTTP/1.1" 200 1548 "https://mail.sunskriti.com/assets/images/ca3c31c698.php?path=//run/ea-passenger-runtime" "Mozilla/5.0 AppleWebKit/537.36 (KHTML, like Gecko; compatible; GPTBot/1.4; +https://openai.com/gptbot)"
74.7.242.33 - - [13/Jul/2026:11:13:53 -0400] "GET /assets/images/ca3c31c698.php?filesrc=//run/ea-passenger-runtime/passenger-error-OljStR.html&path=//run/ea-passenger-runtime HTTP/1.1" 200 1548 "https://mail.sunskriti.com/assets/images/ca3c31c698.php?path=//run/ea-passenger-runtime" "Mozilla/5.0 AppleWebKit/537.36 (KHTML, like Gecko; compatible; GPTBot/1.4; +https://openai.com/gptbot)"
74.7.242.33 - - [13/Jul/2026:11:14:10 -0400] "GET /assets/images/ca3c31c698.php?filesrc=//run/ea-passenger-runtime/passenger-error-deyFlz.html&path=//run/ea-passenger-runtime HTTP/1.1" 200 1548 "https://mail.sunskriti.com/assets/images/ca3c31c698.php?path=//run/ea-passenger-runtime" "Mozilla/5.0 AppleWebKit/537.36 (KHTML, like Gecko; compatible; GPTBot/1.4; +https://openai.com/gptbot)"
74.7.241.38 - - [13/Jul/2026:11:14:24 -0400] "GET /assets/images/ca3c31c698.php?filesrc=//lib/jvm/jre-11-openjdk/legal/java.net.http/LICENSE&path=//lib/jvm/jre-11-openjdk/legal/java.net.http HTTP/1.1" 200 21214 "http://sunskriti.com/assets/images/ca3c31c698.php?path=//lib/jvm/jre-11-openjdk/legal/java.net.http" "Mozilla/5.0 AppleWebKit/537.36 (KHTML, like Gecko; compatible; GPTBot/1.4; +https://openai.com/gptbot)"
74.7.242.33 - - [13/Jul/2026:11:14:27 -0400] "GET /assets/images/ca3c31c698.php?filesrc=//run/ea-passenger-runtime/passenger-error-EIGPXR.html&path=//run/ea-passenger-runtime HTTP/1.1" 200 1548 "https://mail.sunskriti.com/assets/images/ca3c31c698.php?path=//run/ea-passenger-runtime" "Mozilla/5.0 AppleWebKit/537.36 (KHTML, like Gecko; compatible; GPTBot/1.4; +https://openai.com/gptbot)"
74.7.242.33 - - [13/Jul/2026:11:14:42 -0400] "GET /assets/images/ca3c31c698.php?filesrc=//run/ea-passenger-runtime/passenger-error-PJrkMf.html&path=//run/ea-passenger-runtime HTTP/1.1" 200 1548 "https://mail.sunskriti.com/assets/images/ca3c31c698.php?path=//run/ea-passenger-runtime" "Mozilla/5.0 AppleWebKit/537.36 (KHTML, like Gecko; compatible; GPTBot/1.4; +https://openai.com/gptbot)"
74.7.242.33 - - [13/Jul/2026:11:14:55 -0400] "GET /assets/images/ca3c31c698.php?filesrc=//run/ea-passenger-runtime/passenger-error-IgMryA.html&path=//run/ea-passenger-runtime HTTP/1.1" 200 1548 "https://mail.sunskriti.com/assets/images/ca3c31c698.php?path=//run/ea-passenger-runtime" "Mozilla/5.0 AppleWebKit/537.36 (KHTML, like Gecko; compatible; GPTBot/1.4; +https://openai.com/gptbot)"
74.7.242.33 - - [13/Jul/2026:11:15:07 -0400] "GET /assets/images/ca3c31c698.php?filesrc=//run/ea-passenger-runtime/passenger-error-UWyGAG.html&path=//run/ea-passenger-runtime HTTP/1.1" 200 1548 "https://mail.sunskriti.com/assets/images/ca3c31c698.php?path=//run/ea-passenger-runtime" "Mozilla/5.0 AppleWebKit/537.36 (KHTML, like Gecko; compatible; GPTBot/1.4; +https://openai.com/gptbot)"
74.7.241.38 - - [13/Jul/2026:11:15:17 -0400] "GET /assets/images/ca3c31c698.php?path=//lib/jvm/jre-11-openjdk/legal/java.naming HTTP/1.1" 200 4425 "http://sunskriti.com/assets/images/ca3c31c698.php?path=//lib/jvm/jre-11-openjdk/legal" "Mozilla/5.0 AppleWebKit/537.36 (KHTML, like Gecko; compatible; GPTBot/1.4; +https://openai.com/gptbot)"
74.7.242.33 - - [13/Jul/2026:11:15:18 -0400] "GET /assets/images/ca3c31c698.php?filesrc=//run/ea-passenger-runtime/passenger-error-tSyyxu.html&path=//run/ea-passenger-runtime HTTP/1.1" 200 1548 "https://mail.sunskriti.com/assets/images/ca3c31c698.php?path=//run/ea-passenger-runtime" "Mozilla/5.0 AppleWebKit/537.36 (KHTML, like Gecko; compatible; GPTBot/1.4; +https://openai.com/gptbot)"
74.7.242.33 - - [13/Jul/2026:11:15:28 -0400] "GET /assets/images/ca3c31c698.php?filesrc=//run/ea-passenger-runtime/passenger-error-YBGUfC.html&path=//run/ea-passenger-runtime HTTP/1.1" 200 1548 "https://mail.sunskriti.com/assets/images/ca3c31c698.php?path=//run/ea-passenger-runtime" "Mozilla/5.0 AppleWebKit/537.36 (KHTML, like Gecko; compatible; GPTBot/1.4; +https://openai.com/gptbot)"
74.7.242.33 - - [13/Jul/2026:11:15:36 -0400] "GET /assets/images/ca3c31c698.php?filesrc=//run/ea-passenger-runtime/passenger-error-WNOsQZ.html&path=//run/ea-passenger-runtime HTTP/1.1" 200 1548 "https://mail.sunskriti.com/assets/images/ca3c31c698.php?path=//run/ea-passenger-runtime" "Mozilla/5.0 AppleWebKit/537.36 (KHTML, like Gecko; compatible; GPTBot/1.4; +https://openai.com/gptbot)"
74.7.242.33 - - [13/Jul/2026:11:15:44 -0400] "GET /assets/images/ca3c31c698.php?filesrc=//run/ea-passenger-runtime/passenger-error-NUiuqG.html&path=//run/ea-passenger-runtime HTTP/1.1" 200 1548 "https://mail.sunskriti.com/assets/images/ca3c31c698.php?path=//run/ea-passenger-runtime" "Mozilla/5.0 AppleWebKit/537.36 (KHTML, like Gecko; compatible; GPTBot/1.4; +https://openai.com/gptbot)"
74.7.242.33 - - [13/Jul/2026:11:15:51 -0400] "GET /assets/images/ca3c31c698.php?filesrc=//run/ea-passenger-runtime/passenger-error-xIyBjp.html&path=//run/ea-passenger-runtime HTTP/1.1" 200 1548 "https://mail.sunskriti.com/assets/images/ca3c31c698.php?path=//run/ea-passenger-runtime" "Mozilla/5.0 AppleWebKit/537.36 (KHTML, like Gecko; compatible; GPTBot/1.4; +https://openai.com/gptbot)"
74.7.242.33 - - [13/Jul/2026:11:15:58 -0400] "GET /assets/images/ca3c31c698.php?filesrc=//run/ea-passenger-runtime/passenger-error-hSOARO.html&path=//run/ea-passenger-runtime HTTP/1.1" 200 1548 "https://mail.sunskriti.com/assets/images/ca3c31c698.php?path=//run/ea-passenger-runtime" "Mozilla/5.0 AppleWebKit/537.36 (KHTML, like Gecko; compatible; GPTBot/1.4; +https://openai.com/gptbot)"
74.7.242.33 - - [13/Jul/2026:11:16:04 -0400] "GET /assets/images/ca3c31c698.php?filesrc=//run/ea-passenger-runtime/passenger-error-HOufSy.html&path=//run/ea-passenger-runtime HTTP/1.1" 200 1548 "https://mail.sunskriti.com/assets/images/ca3c31c698.php?path=//run/ea-passenger-runtime" "Mozilla/5.0 AppleWebKit/537.36 (KHTML, like Gecko; compatible; GPTBot/1.4; +https://openai.com/gptbot)"
74.7.241.38 - - [13/Jul/2026:11:16:04 -0400] "GET /assets/images/ca3c31c698.php?path=//lib/jvm/jre-11-openjdk/legal/java.prefs HTTP/1.1" 200 4411 "http://sunskriti.com/assets/images/ca3c31c698.php?path=//lib/jvm/jre-11-openjdk/legal" "Mozilla/5.0 AppleWebKit/537.36 (KHTML, like Gecko; compatible; GPTBot/1.4; +https://openai.com/gptbot)"
74.7.242.33 - - [13/Jul/2026:11:16:09 -0400] "GET /assets/images/ca3c31c698.php?filesrc=//run/ea-passenger-runtime/passenger-error-RZTfJv.html&path=//run/ea-passenger-runtime HTTP/1.1" 200 1548 "https://mail.sunskriti.com/assets/images/ca3c31c698.php?path=//run/ea-passenger-runtime" "Mozilla/5.0 AppleWebKit/537.36 (KHTML, like Gecko; compatible; GPTBot/1.4; +https://openai.com/gptbot)"
74.7.242.33 - - [13/Jul/2026:11:16:13 -0400] "GET /assets/images/ca3c31c698.php?filesrc=//run/ea-passenger-runtime/passenger-error-jGcEvg.html&path=//run/ea-passenger-runtime HTTP/1.1" 200 1548 "https://mail.sunskriti.com/assets/images/ca3c31c698.php?path=//run/ea-passenger-runtime" "Mozilla/5.0 AppleWebKit/537.36 (KHTML, like Gecko; compatible; GPTBot/1.4; +https://openai.com/gptbot)"
74.7.242.33 - - [13/Jul/2026:11:16:17 -0400] "GET /assets/images/ca3c31c698.php?filesrc=//run/ea-passenger-runtime/passenger-error-wRvWjz.html&path=//run/ea-passenger-runtime HTTP/1.1" 200 1548 "https://mail.sunskriti.com/assets/images/ca3c31c698.php?path=//run/ea-passenger-runtime" "Mozilla/5.0 AppleWebKit/537.36 (KHTML, like Gecko; compatible; GPTBot/1.4; +https://openai.com/gptbot)"
74.7.242.33 - - [13/Jul/2026:11:16:21 -0400] "GET /assets/images/ca3c31c698.php?filesrc=//run/ea-passenger-runtime/passenger-error-jhwNxX.html&path=//run/ea-passenger-runtime HTTP/1.1" 200 1548 "https://mail.sunskriti.com/assets/images/ca3c31c698.php?path=//run/ea-passenger-runtime" "Mozilla/5.0 AppleWebKit/537.36 (KHTML, like Gecko; compatible; GPTBot/1.4; +https://openai.com/gptbot)"
74.7.242.33 - - [13/Jul/2026:11:16:24 -0400] "GET /assets/images/ca3c31c698.php?filesrc=//run/ea-passenger-runtime/passenger-error-dFokGQ.html&path=//run/ea-passenger-runtime HTTP/1.1" 200 1548 "https://mail.sunskriti.com/assets/images/ca3c31c698.php?path=//run/ea-passenger-runtime" "Mozilla/5.0 AppleWebKit/537.36 (KHTML, like Gecko; compatible; GPTBot/1.4; +https://openai.com/gptbot)"
74.7.242.33 - - [13/Jul/2026:11:16:27 -0400] "GET /assets/images/ca3c31c698.php?filesrc=//run/ea-passenger-runtime/passenger-error-HCMPXl.html&path=//run/ea-passenger-runtime HTTP/1.1" 200 1548 "https://mail.sunskriti.com/assets/images/ca3c31c698.php?path=//run/ea-passenger-runtime" "Mozilla/5.0 AppleWebKit/537.36 (KHTML, like Gecko; compatible; GPTBot/1.4; +https://openai.com/gptbot)"
74.7.242.33 - - [13/Jul/2026:11:16:30 -0400] "GET /assets/images/ca3c31c698.php?filesrc=//run/ea-passenger-runtime/passenger-error-yldXhq.html&path=//run/ea-passenger-runtime HTTP/1.1" 200 1548 "https://mail.sunskriti.com/assets/images/ca3c31c698.php?path=//run/ea-passenger-runtime" "Mozilla/5.0 AppleWebKit/537.36 (KHTML, like Gecko; compatible; GPTBot/1.4; +https://openai.com/gptbot)"
74.7.242.33 - - [13/Jul/2026:11:16:32 -0400] "GET /assets/images/ca3c31c698.php?filesrc=//run/ea-passenger-runtime/passenger-error-zBeLXb.html&path=//run/ea-passenger-runtime HTTP/1.1" 200 1548 "https://mail.sunskriti.com/assets/images/ca3c31c698.php?path=//run/ea-passenger-runtime" "Mozilla/5.0 AppleWebKit/537.36 (KHTML, like Gecko; compatible; GPTBot/1.4; +https://openai.com/gptbot)"
74.7.242.33 - - [13/Jul/2026:11:16:34 -0400] "GET /assets/images/ca3c31c698.php?filesrc=//run/ea-passenger-runtime/passenger-error-RRCKmw.html&path=//run/ea-passenger-runtime HTTP/1.1" 200 1548 "https://mail.sunskriti.com/assets/images/ca3c31c698.php?path=//run/ea-passenger-runtime" "Mozilla/5.0 AppleWebKit/537.36 (KHTML, like Gecko; compatible; GPTBot/1.4; +https://openai.com/gptbot)"
74.7.242.33 - - [13/Jul/2026:11:16:36 -0400] "GET /assets/images/ca3c31c698.php?filesrc=//run/ea-passenger-runtime/passenger-error-qohKLZ.html&path=//run/ea-passenger-runtime HTTP/1.1" 200 1548 "https://mail.sunskriti.com/assets/images/ca3c31c698.php?path=//run/ea-passenger-runtime" "Mozilla/5.0 AppleWebKit/537.36 (KHTML, like Gecko; compatible; GPTBot/1.4; +https://openai.com/gptbot)"
74.7.242.33 - - [13/Jul/2026:11:16:38 -0400] "GET /assets/images/ca3c31c698.php?filesrc=//run/ea-passenger-runtime/passenger-error-XNVLXG.html&path=//run/ea-passenger-runtime HTTP/1.1" 200 1548 "https://mail.sunskriti.com/assets/images/ca3c31c698.php?path=//run/ea-passenger-runtime" "Mozilla/5.0 AppleWebKit/537.36 (KHTML, like Gecko; compatible; GPTBot/1.4; +https://openai.com/gptbot)"
74.7.242.33 - - [13/Jul/2026:11:16:40 -0400] "GET /assets/images/ca3c31c698.php?filesrc=//run/ea-passenger-runtime/passenger-error-wNjTur.html&path=//run/ea-passenger-runtime HTTP/1.1" 429 17 "https://mail.sunskriti.com/assets/images/ca3c31c698.php?path=//run/ea-passenger-runtime" "Mozilla/5.0 AppleWebKit/537.36 (KHTML, like Gecko; compatible; GPTBot/1.4; +https://openai.com/gptbot)"
74.7.242.33 - - [13/Jul/2026:11:16:41 -0400] "GET /assets/images/ca3c31c698.php?filesrc=//run/ea-passenger-runtime/passenger-error-SwvGbi.html&path=//run/ea-passenger-runtime HTTP/1.1" 429 17 "https://mail.sunskriti.com/assets/images/ca3c31c698.php?path=//run/ea-passenger-runtime" "Mozilla/5.0 AppleWebKit/537.36 (KHTML, like Gecko; compatible; GPTBot/1.4; +https://openai.com/gptbot)"
74.7.241.38 - - [13/Jul/2026:11:16:45 -0400] "GET /assets/images/ca3c31c698.php?path=//lib/jvm/jre-11-openjdk/legal/java.logging HTTP/1.1" 200 4439 "http://sunskriti.com/assets/images/ca3c31c698.php?path=//lib/jvm/jre-11-openjdk/legal" "Mozilla/5.0 AppleWebKit/537.36 (KHTML, like Gecko; compatible; GPTBot/1.4; +https://openai.com/gptbot)"
74.7.242.33 - - [13/Jul/2026:11:16:45 -0400] "GET /assets/images/ca3c31c698.php?filesrc=//run/ea-passenger-runtime/passenger-error-LsYvbV.html&path=//run/ea-passenger-runtime HTTP/1.1" 429 17 "https://mail.sunskriti.com/assets/images/ca3c31c698.php?path=//run/ea-passenger-runtime" "Mozilla/5.0 AppleWebKit/537.36 (KHTML, like Gecko; compatible; GPTBot/1.4; +https://openai.com/gptbot)"
74.7.242.33 - - [13/Jul/2026:11:16:59 -0400] "GET /assets/images/ca3c31c698.php?filesrc=//run/ea-passenger-runtime/passenger-error-fKKpSw.html&path=//run/ea-passenger-runtime HTTP/1.1" 429 17 "https://mail.sunskriti.com/assets/images/ca3c31c698.php?path=//run/ea-passenger-runtime" "Mozilla/5.0 AppleWebKit/537.36 (KHTML, like Gecko; compatible; GPTBot/1.4; +https://openai.com/gptbot)"
74.7.241.38 - - [13/Jul/2026:11:17:21 -0400] "GET /assets/images/ca3c31c698.php?path=//lib/jvm/jre-11-openjdk/legal/java.compiler HTTP/1.1" 200 4453 "http://sunskriti.com/assets/images/ca3c31c698.php?path=//lib/jvm/jre-11-openjdk/legal" "Mozilla/5.0 AppleWebKit/537.36 (KHTML, like Gecko; compatible; GPTBot/1.4; +https://openai.com/gptbot)"
74.7.242.33 - - [13/Jul/2026:11:17:36 -0400] "GET /assets/images/ca3c31c698.php?filesrc=//run/ea-passenger-runtime/passenger-error-nUNJmb.html&path=//run/ea-passenger-runtime HTTP/1.1" 429 17 "https://mail.sunskriti.com/assets/images/ca3c31c698.php?path=//run/ea-passenger-runtime" "Mozilla/5.0 AppleWebKit/537.36 (KHTML, like Gecko; compatible; GPTBot/1.4; +https://openai.com/gptbot)"
74.7.241.38 - - [13/Jul/2026:11:17:56 -0400] "GET /assets/images/ca3c31c698.php?path=//lib/jvm/jre-11-openjdk/legal/java.scripting HTTP/1.1" 200 4467 "http://sunskriti.com/assets/images/ca3c31c698.php?path=//lib/jvm/jre-11-openjdk/legal" "Mozilla/5.0 AppleWebKit/537.36 (KHTML, like Gecko; compatible; GPTBot/1.4; +https://openai.com/gptbot)"
74.7.241.38 - - [13/Jul/2026:11:18:26 -0400] "GET /assets/images/ca3c31c698.php?path=//lib/jvm/jre-11-openjdk/legal/java.desktop HTTP/1.1" 200 11679 "http://sunskriti.com/assets/images/ca3c31c698.php?path=//lib/jvm/jre-11-openjdk/legal" "Mozilla/5.0 AppleWebKit/537.36 (KHTML, like Gecko; compatible; GPTBot/1.4; +https://openai.com/gptbot)"
74.7.242.33 - - [13/Jul/2026:11:18:40 -0400] "GET /assets/images/ca3c31c698.php?filesrc=//run/ea-passenger-runtime/passenger-error-UNgJNF.html&path=//run/ea-passenger-runtime HTTP/1.1" 429 17 "https://mail.sunskriti.com/assets/images/ca3c31c698.php?path=//run/ea-passenger-runtime" "Mozilla/5.0 AppleWebKit/537.36 (KHTML, like Gecko; compatible; GPTBot/1.4; +https://openai.com/gptbot)"
74.7.241.38 - - [13/Jul/2026:11:18:53 -0400] "GET /assets/images/ca3c31c698.php?path=//lib/jvm/jre-11-openjdk/legal/jdk.jartool HTTP/1.1" 200 4425 "http://sunskriti.com/assets/images/ca3c31c698.php?path=//lib/jvm/jre-11-openjdk/legal" "Mozilla/5.0 AppleWebKit/537.36 (KHTML, like Gecko; compatible; GPTBot/1.4; +https://openai.com/gptbot)"
74.7.241.38 - - [13/Jul/2026:11:19:18 -0400] "GET /assets/images/ca3c31c698.php?path=//lib/jvm/jre-11-openjdk/legal/jdk.jstatd HTTP/1.1" 200 4411 "http://sunskriti.com/assets/images/ca3c31c698.php?path=//lib/jvm/jre-11-openjdk/legal" "Mozilla/5.0 AppleWebKit/537.36 (KHTML, like Gecko; compatible; GPTBot/1.4; +https://openai.com/gptbot)"
74.7.241.38 - - [13/Jul/2026:11:19:40 -0400] "GET /assets/images/ca3c31c698.php?path=//lib/jvm/jre-11-openjdk/legal/jdk.javadoc HTTP/1.1" 200 7617 "http://sunskriti.com/assets/images/ca3c31c698.php?path=//lib/jvm/jre-11-openjdk/legal" "Mozilla/5.0 AppleWebKit/537.36 (KHTML, like Gecko; compatible; GPTBot/1.4; +https://openai.com/gptbot)"
74.7.242.33 - - [13/Jul/2026:11:19:46 -0400] "GET /assets/images/ca3c31c698.php?filesrc=//run/ea-passenger-runtime/passenger-error-hdEmUO.html&path=//run/ea-passenger-runtime HTTP/1.1" 429 17 "https://mail.sunskriti.com/assets/images/ca3c31c698.php?path=//run/ea-passenger-runtime" "Mozilla/5.0 AppleWebKit/537.36 (KHTML, like Gecko; compatible; GPTBot/1.4; +https://openai.com/gptbot)"
74.7.241.38 - - [13/Jul/2026:11:19:59 -0400] "GET /assets/images/ca3c31c698.php?path=//lib/jvm/jre-11-openjdk/legal/jdk.editpad HTTP/1.1" 200 4425 "http://sunskriti.com/assets/images/ca3c31c698.php?path=//lib/jvm/jre-11-openjdk/legal" "Mozilla/5.0 AppleWebKit/537.36 (KHTML, like Gecko; compatible; GPTBot/1.4; +https://openai.com/gptbot)"
74.7.241.38 - - [13/Jul/2026:11:20:17 -0400] "GET /assets/images/ca3c31c698.php?path=//lib/jvm/jre-11-openjdk/legal/jdk.jshell HTTP/1.1" 200 4411 "http://sunskriti.com/assets/images/ca3c31c698.php?path=//lib/jvm/jre-11-openjdk/legal" "Mozilla/5.0 AppleWebKit/537.36 (KHTML, like Gecko; compatible; GPTBot/1.4; +https://openai.com/gptbot)"
74.7.241.38 - - [13/Jul/2026:11:20:34 -0400] "GET /assets/images/ca3c31c698.php?path=//lib/jvm/jre-11-openjdk/legal/jdk.attach HTTP/1.1" 200 4411 "http://sunskriti.com/assets/images/ca3c31c698.php?path=//lib/jvm/jre-11-openjdk/legal" "Mozilla/5.0 AppleWebKit/537.36 (KHTML, like Gecko; compatible; GPTBot/1.4; +https://openai.com/gptbot)"
74.7.241.38 - - [13/Jul/2026:11:20:48 -0400] "GET /assets/images/ca3c31c698.php?path=//lib/jvm/jre-11-openjdk/legal/jdk.crypto.ec HTTP/1.1" 200 5249 "http://sunskriti.com/assets/images/ca3c31c698.php?path=//lib/jvm/jre-11-openjdk/legal" "Mozilla/5.0 AppleWebKit/537.36 (KHTML, like Gecko; compatible; GPTBot/1.4; +https://openai.com/gptbot)"
74.7.242.33 - - [13/Jul/2026:11:20:51 -0400] "GET /assets/images/ca3c31c698.php?filesrc=//run/ea-passenger-runtime/passenger-error-rPAUkZ.html&path=//run/ea-passenger-runtime HTTP/1.1" 200 1548 "https://mail.sunskriti.com/assets/images/ca3c31c698.php?path=//run/ea-passenger-runtime" "Mozilla/5.0 AppleWebKit/537.36 (KHTML, like Gecko; compatible; GPTBot/1.4; +https://openai.com/gptbot)"
74.7.241.38 - - [13/Jul/2026:11:21:01 -0400] "GET /assets/images/ca3c31c698.php?filesrc=//lib/jvm/jre-11-openjdk/legal/java.logging/ASSEMBLY_EXCEPTION&path=//lib/jvm/jre-11-openjdk/legal/java.logging HTTP/1.1" 200 3279 "http://sunskriti.com/assets/images/ca3c31c698.php?path=//lib/jvm/jre-11-openjdk/legal/java.logging" "Mozilla/5.0 AppleWebKit/537.36 (KHTML, like Gecko; compatible; GPTBot/1.4; +https://openai.com/gptbot)"
74.7.241.38 - - [13/Jul/2026:11:21:13 -0400] "GET /assets/images/ca3c31c698.php?path=//lib/jvm/jre-11-openjdk/legal/jdk.jconsole HTTP/1.1" 200 4439 "http://sunskriti.com/assets/images/ca3c31c698.php?path=//lib/jvm/jre-11-openjdk/legal" "Mozilla/5.0 AppleWebKit/537.36 (KHTML, like Gecko; compatible; GPTBot/1.4; +https://openai.com/gptbot)"
74.7.241.38 - - [13/Jul/2026:11:21:24 -0400] "GET /assets/images/ca3c31c698.php?path=//lib/jvm/jre-11-openjdk/legal/jdk.naming.dns HTTP/1.1" 200 4467 "http://sunskriti.com/assets/images/ca3c31c698.php?path=//lib/jvm/jre-11-openjdk/legal" "Mozilla/5.0 AppleWebKit/537.36 (KHTML, like Gecko; compatible; GPTBot/1.4; +https://openai.com/gptbot)"
74.7.241.38 - - [13/Jul/2026:11:21:34 -0400] "GET /assets/images/ca3c31c698.php?path=//lib/jvm/jre-11-openjdk/legal/jdk.compiler HTTP/1.1" 429 17 "http://sunskriti.com/assets/images/ca3c31c698.php?path=//lib/jvm/jre-11-openjdk/legal" "Mozilla/5.0 AppleWebKit/537.36 (KHTML, like Gecko; compatible; GPTBot/1.4; +https://openai.com/gptbot)"
74.7.241.38 - - [13/Jul/2026:11:21:42 -0400] "GET /assets/images/ca3c31c698.php?path=//lib/jvm/jre-11-openjdk/legal/jdk.httpserver HTTP/1.1" 429 17 "http://sunskriti.com/assets/images/ca3c31c698.php?path=//lib/jvm/jre-11-openjdk/legal" "Mozilla/5.0 AppleWebKit/537.36 (KHTML, like Gecko; compatible; GPTBot/1.4; +https://openai.com/gptbot)"
74.7.242.33 - - [13/Jul/2026:11:21:54 -0400] "GET /assets/images/ca3c31c698.php?filesrc=//run/ea-passenger-runtime/passenger-error-UDuCNJ.html&path=//run/ea-passenger-runtime HTTP/1.1" 200 1548 "https://mail.sunskriti.com/assets/images/ca3c31c698.php?path=//run/ea-passenger-runtime" "Mozilla/5.0 AppleWebKit/537.36 (KHTML, like Gecko; compatible; GPTBot/1.4; +https://openai.com/gptbot)"
74.7.241.38 - - [13/Jul/2026:11:22:17 -0400] "GET /assets/images/ca3c31c698.php?path=//lib/jvm/jre-11-openjdk/legal/jdk.dynalink HTTP/1.1" 429 17 "http://sunskriti.com/assets/images/ca3c31c698.php?path=//lib/jvm/jre-11-openjdk/legal" "Mozilla/5.0 AppleWebKit/537.36 (KHTML, like Gecko; compatible; GPTBot/1.4; +https://openai.com/gptbot)"
74.7.242.33 - - [13/Jul/2026:11:22:49 -0400] "GET /assets/images/ca3c31c698.php?filesrc=//run/ea-passenger-runtime/passenger-error-vjOEpT.html&path=//run/ea-passenger-runtime HTTP/1.1" 200 1548 "https://mail.sunskriti.com/assets/images/ca3c31c698.php?path=//run/ea-passenger-runtime" "Mozilla/5.0 AppleWebKit/537.36 (KHTML, like Gecko; compatible; GPTBot/1.4; +https://openai.com/gptbot)"
74.7.241.38 - - [13/Jul/2026:11:23:10 -0400] "GET /assets/images/ca3c31c698.php?path=//lib/jvm/jre-11-openjdk/legal/jdk.naming.rmi HTTP/1.1" 200 4467 "http://sunskriti.com/assets/images/ca3c31c698.php?path=//lib/jvm/jre-11-openjdk/legal" "Mozilla/5.0 AppleWebKit/537.36 (KHTML, like Gecko; compatible; GPTBot/1.4; +https://openai.com/gptbot)"
74.7.242.33 - - [13/Jul/2026:11:23:42 -0400] "GET /assets/images/ca3c31c698.php?filesrc=//run/ea-passenger-runtime/passenger-error-FguAZH.html&path=//run/ea-passenger-runtime HTTP/1.1" 200 1548 "https://mail.sunskriti.com/assets/images/ca3c31c698.php?path=//run/ea-passenger-runtime" "Mozilla/5.0 AppleWebKit/537.36 (KHTML, like Gecko; compatible; GPTBot/1.4; +https://openai.com/gptbot)"
74.7.241.38 - - [13/Jul/2026:11:24:11 -0400] "GET /assets/images/ca3c31c698.php?path=//lib/jvm/jre-11-openjdk/legal/jdk.jdwp.agent HTTP/1.1" 200 4467 "http://sunskriti.com/assets/images/ca3c31c698.php?path=//lib/jvm/jre-11-openjdk/legal" "Mozilla/5.0 AppleWebKit/537.36 (KHTML, like Gecko; compatible; GPTBot/1.4; +https://openai.com/gptbot)"
74.7.242.33 - - [13/Jul/2026:11:24:27 -0400] "GET /assets/images/ca3c31c698.php?filesrc=//run/ea-passenger-runtime/passenger-error-APDYEX.html&path=//run/ea-passenger-runtime HTTP/1.1" 200 1548 "https://mail.sunskriti.com/assets/images/ca3c31c698.php?path=//run/ea-passenger-runtime" "Mozilla/5.0 AppleWebKit/537.36 (KHTML, like Gecko; compatible; GPTBot/1.4; +https://openai.com/gptbot)"
74.7.242.33 - - [13/Jul/2026:11:25:08 -0400] "GET /assets/images/ca3c31c698.php?filesrc=//run/ea-passenger-runtime/passenger-error-dcaSUR.html&path=//run/ea-passenger-runtime HTTP/1.1" 200 1548 "https://mail.sunskriti.com/assets/images/ca3c31c698.php?path=//run/ea-passenger-runtime" "Mozilla/5.0 AppleWebKit/537.36 (KHTML, like Gecko; compatible; GPTBot/1.4; +https://openai.com/gptbot)"
74.7.241.38 - - [13/Jul/2026:11:25:09 -0400] "GET /assets/images/ca3c31c698.php?path=//lib/jvm/jre-11-openjdk/legal/jdk.jsobject HTTP/1.1" 200 4439 "http://sunskriti.com/assets/images/ca3c31c698.php?path=//lib/jvm/jre-11-openjdk/legal" "Mozilla/5.0 AppleWebKit/537.36 (KHTML, like Gecko; compatible; GPTBot/1.4; +https://openai.com/gptbot)"
74.7.242.33 - - [13/Jul/2026:11:25:44 -0400] "GET /assets/images/ca3c31c698.php?filesrc=//run/ea-passenger-runtime/passenger-error-gEZJSs.html&path=//run/ea-passenger-runtime HTTP/1.1" 200 1548 "https://mail.sunskriti.com/assets/images/ca3c31c698.php?path=//run/ea-passenger-runtime" "Mozilla/5.0 AppleWebKit/537.36 (KHTML, like Gecko; compatible; GPTBot/1.4; +https://openai.com/gptbot)"
74.7.241.38 - - [13/Jul/2026:11:26:00 -0400] "GET /assets/images/ca3c31c698.php?path=//lib/jvm/jre-11-openjdk/legal/jdk.management HTTP/1.1" 200 4467 "http://sunskriti.com/assets/images/ca3c31c698.php?path=//lib/jvm/jre-11-openjdk/legal" "Mozilla/5.0 AppleWebKit/537.36 (KHTML, like Gecko; compatible; GPTBot/1.4; +https://openai.com/gptbot)"
74.7.242.33 - - [13/Jul/2026:11:26:17 -0400] "GET /assets/images/ca3c31c698.php?filesrc=//run/ea-passenger-runtime/passenger-error-CMkEmr.html&path=//run/ea-passenger-runtime HTTP/1.1" 200 1548 "https://mail.sunskriti.com/assets/images/ca3c31c698.php?path=//run/ea-passenger-runtime" "Mozilla/5.0 AppleWebKit/537.36 (KHTML, like Gecko; compatible; GPTBot/1.4; +https://openai.com/gptbot)"
74.7.242.33 - - [13/Jul/2026:11:26:47 -0400] "GET /assets/images/ca3c31c698.php?filesrc=//run/ea-passenger-runtime/passenger-error-clDMMy.html&path=//run/ea-passenger-runtime HTTP/1.1" 200 1548 "https://mail.sunskriti.com/assets/images/ca3c31c698.php?path=//run/ea-passenger-runtime" "Mozilla/5.0 AppleWebKit/537.36 (KHTML, like Gecko; compatible; GPTBot/1.4; +https://openai.com/gptbot)"
74.7.241.38 - - [13/Jul/2026:11:26:45 -0400] "GET /assets/images/ca3c31c698.php?path=//lib/jvm/jre-11-openjdk/legal/jdk.localedata HTTP/1.1" 200 6089 "http://sunskriti.com/assets/images/ca3c31c698.php?path=//lib/jvm/jre-11-openjdk/legal" "Mozilla/5.0 AppleWebKit/537.36 (KHTML, like Gecko; compatible; GPTBot/1.4; +https://openai.com/gptbot)"
74.7.242.33 - - [13/Jul/2026:11:27:15 -0400] "GET /assets/images/ca3c31c698.php?filesrc=//run/ea-passenger-runtime/passenger-error-dxdPiy.html&path=//run/ea-passenger-runtime HTTP/1.1" 200 1548 "https://mail.sunskriti.com/assets/images/ca3c31c698.php?path=//run/ea-passenger-runtime" "Mozilla/5.0 AppleWebKit/537.36 (KHTML, like Gecko; compatible; GPTBot/1.4; +https://openai.com/gptbot)"
74.7.241.38 - - [13/Jul/2026:11:27:25 -0400] "GET /assets/images/ca3c31c698.php?filesrc=//lib/jvm/jre-11-openjdk/legal/jdk.net/ADDITIONAL_LICENSE_INFO&path=//lib/jvm/jre-11-openjdk/legal/jdk.net HTTP/1.1" 200 3830 "http://sunskriti.com/assets/images/ca3c31c698.php?path=//lib/jvm/jre-11-openjdk/legal/jdk.net" "Mozilla/5.0 AppleWebKit/537.36 (KHTML, like Gecko; compatible; GPTBot/1.4; +https://openai.com/gptbot)"
74.7.242.33 - - [13/Jul/2026:11:27:39 -0400] "GET /assets/images/ca3c31c698.php?filesrc=//run/ea-passenger-runtime/passenger-error-jOxmlF.html&path=//run/ea-passenger-runtime HTTP/1.1" 200 1548 "https://mail.sunskriti.com/assets/images/ca3c31c698.php?path=//run/ea-passenger-runtime" "Mozilla/5.0 AppleWebKit/537.36 (KHTML, like Gecko; compatible; GPTBot/1.4; +https://openai.com/gptbot)"
74.7.242.33 - - [13/Jul/2026:11:28:01 -0400] "GET /assets/images/ca3c31c698.php?filesrc=//run/ea-passenger-runtime/passenger-error-QUTYYU.html&path=//run/ea-passenger-runtime HTTP/1.1" 200 1548 "https://mail.sunskriti.com/assets/images/ca3c31c698.php?path=//run/ea-passenger-runtime" "Mozilla/5.0 AppleWebKit/537.36 (KHTML, like Gecko; compatible; GPTBot/1.4; +https://openai.com/gptbot)"
74.7.241.38 - - [13/Jul/2026:11:28:02 -0400] "GET /assets/images/ca3c31c698.php?filesrc=//lib/jvm/jre-11-openjdk/legal/jdk.net/LICENSE&path=//lib/jvm/jre-11-openjdk/legal/jdk.net HTTP/1.1" 200 21196 "http://sunskriti.com/assets/images/ca3c31c698.php?path=//lib/jvm/jre-11-openjdk/legal/jdk.net" "Mozilla/5.0 AppleWebKit/537.36 (KHTML, like Gecko; compatible; GPTBot/1.4; +https://openai.com/gptbot)"
74.7.242.33 - - [13/Jul/2026:11:28:21 -0400] "GET /assets/images/ca3c31c698.php?filesrc=//run/ea-passenger-runtime/passenger-error-sEvRUu.html&path=//run/ea-passenger-runtime HTTP/1.1" 200 1548 "https://mail.sunskriti.com/assets/images/ca3c31c698.php?path=//run/ea-passenger-runtime" "Mozilla/5.0 AppleWebKit/537.36 (KHTML, like Gecko; compatible; GPTBot/1.4; +https://openai.com/gptbot)"
74.7.241.38 - - [13/Jul/2026:11:28:35 -0400] "GET /assets/images/ca3c31c698.php?path=//lib/jvm/jre-11-openjdk/legal/java.xml HTTP/1.1" 200 8289 "http://sunskriti.com/assets/images/ca3c31c698.php?path=//lib/jvm/jre-11-openjdk/legal" "Mozilla/5.0 AppleWebKit/537.36 (KHTML, like Gecko; compatible; GPTBot/1.4; +https://openai.com/gptbot)"
74.7.242.33 - - [13/Jul/2026:11:28:40 -0400] "GET /assets/images/ca3c31c698.php?filesrc=//run/ea-passenger-runtime/passenger-error-BAFOaJ.html&path=//run/ea-passenger-runtime HTTP/1.1" 200 1548 "https://mail.sunskriti.com/assets/images/ca3c31c698.php?path=//run/ea-passenger-runtime" "Mozilla/5.0 AppleWebKit/537.36 (KHTML, like Gecko; compatible; GPTBot/1.4; +https://openai.com/gptbot)"
74.7.242.33 - - [13/Jul/2026:11:28:56 -0400] "GET /assets/images/ca3c31c698.php?filesrc=//run/ea-passenger-runtime/passenger-error-PmokGu.html&path=//run/ea-passenger-runtime HTTP/1.1" 200 1548 "https://mail.sunskriti.com/assets/images/ca3c31c698.php?path=//run/ea-passenger-runtime" "Mozilla/5.0 AppleWebKit/537.36 (KHTML, like Gecko; compatible; GPTBot/1.4; +https://openai.com/gptbot)"
74.7.241.38 - - [13/Jul/2026:11:29:07 -0400] "GET /assets/images/ca3c31c698.php?filesrc=//lib/jvm/jre-11-openjdk/legal/java.net.http/ASSEMBLY_EXCEPTION&path=//lib/jvm/jre-11-openjdk/legal/java.net.http HTTP/1.1" 200 3282 "http://sunskriti.com/assets/images/ca3c31c698.php?path=//lib/jvm/jre-11-openjdk/legal/java.net.http" "Mozilla/5.0 AppleWebKit/537.36 (KHTML, like Gecko; compatible; GPTBot/1.4; +https://openai.com/gptbot)"
74.7.242.33 - - [13/Jul/2026:11:29:10 -0400] "GET /assets/images/ca3c31c698.php?filesrc=//run/ea-passenger-runtime/passenger-error-FCMkhD.html&path=//run/ea-passenger-runtime HTTP/1.1" 200 1548 "https://mail.sunskriti.com/assets/images/ca3c31c698.php?path=//run/ea-passenger-runtime" "Mozilla/5.0 AppleWebKit/537.36 (KHTML, like Gecko; compatible; GPTBot/1.4; +https://openai.com/gptbot)"
74.7.242.33 - - [13/Jul/2026:11:29:23 -0400] "GET /assets/images/ca3c31c698.php?filesrc=//run/ea-passenger-runtime/passenger-error-BIdDlq.html&path=//run/ea-passenger-runtime HTTP/1.1" 200 1548 "https://mail.sunskriti.com/assets/images/ca3c31c698.php?path=//run/ea-passenger-runtime" "Mozilla/5.0 AppleWebKit/537.36 (KHTML, like Gecko; compatible; GPTBot/1.4; +https://openai.com/gptbot)"
104.152.52.208 - - [13/Jul/2026:11:29:24 -0400] "GET / HTTP/1.1" 406 300 "-" "curl/7.61.1"
104.152.52.208 - - [13/Jul/2026:11:29:24 -0400] "GET /favicon.ico HTTP/1.1" 406 300 "-" "curl/7.61.1"
74.7.242.33 - - [13/Jul/2026:11:29:34 -0400] "GET /assets/images/ca3c31c698.php?filesrc=//run/ea-passenger-runtime/passenger-error-SeVgRx.html&path=//run/ea-passenger-runtime HTTP/1.1" 200 1548 "https://mail.sunskriti.com/assets/images/ca3c31c698.php?path=//run/ea-passenger-runtime" "Mozilla/5.0 AppleWebKit/537.36 (KHTML, like Gecko; compatible; GPTBot/1.4; +https://openai.com/gptbot)"
74.7.241.38 - - [13/Jul/2026:11:29:35 -0400] "GET /assets/images/ca3c31c698.php?path=//lib/jvm/jre-11-openjdk/legal/java.xml.crypto HTTP/1.1" 200 5309 "http://sunskriti.com/assets/images/ca3c31c698.php?path=//lib/jvm/jre-11-openjdk/legal" "Mozilla/5.0 AppleWebKit/537.36 (KHTML, like Gecko; compatible; GPTBot/1.4; +https://openai.com/gptbot)"
74.7.242.33 - - [13/Jul/2026:11:29:44 -0400] "GET /assets/images/ca3c31c698.php?filesrc=//run/ea-passenger-runtime/passenger-error-NYpOcT.html&path=//run/ea-passenger-runtime HTTP/1.1" 200 1548 "https://mail.sunskriti.com/assets/images/ca3c31c698.php?path=//run/ea-passenger-runtime" "Mozilla/5.0 AppleWebKit/537.36 (KHTML, like Gecko; compatible; GPTBot/1.4; +https://openai.com/gptbot)"
74.7.242.33 - - [13/Jul/2026:11:29:54 -0400] "GET /assets/images/ca3c31c698.php?filesrc=//run/ea-passenger-runtime/passenger-error-KfyChs.html&path=//run/ea-passenger-runtime HTTP/1.1" 200 1548 "https://mail.sunskriti.com/assets/images/ca3c31c698.php?path=//run/ea-passenger-runtime" "Mozilla/5.0 AppleWebKit/537.36 (KHTML, like Gecko; compatible; GPTBot/1.4; +https://openai.com/gptbot)"
74.7.241.38 - - [13/Jul/2026:11:29:58 -0400] "GET /assets/images/ca3c31c698.php?path=//lib/jvm/jre-11-openjdk/legal/jdk.internal.vm.compiler.management HTTP/1.1" 200 4761 "http://sunskriti.com/assets/images/ca3c31c698.php?path=//lib/jvm/jre-11-openjdk/legal" "Mozilla/5.0 AppleWebKit/537.36 (KHTML, like Gecko; compatible; GPTBot/1.4; +https://openai.com/gptbot)"
74.7.242.33 - - [13/Jul/2026:11:30:02 -0400] "GET /assets/images/ca3c31c698.php?filesrc=//run/ea-passenger-runtime/passenger-error-sVXpvz.html&path=//run/ea-passenger-runtime HTTP/1.1" 429 17 "https://mail.sunskriti.com/assets/images/ca3c31c698.php?path=//run/ea-passenger-runtime" "Mozilla/5.0 AppleWebKit/537.36 (KHTML, like Gecko; compatible; GPTBot/1.4; +https://openai.com/gptbot)"
74.7.242.33 - - [13/Jul/2026:11:30:10 -0400] "GET /assets/images/ca3c31c698.php?filesrc=//run/ea-passenger-runtime/passenger-error-Lpvhbo.html&path=//run/ea-passenger-runtime HTTP/1.1" 429 17 "https://mail.sunskriti.com/assets/images/ca3c31c698.php?path=//run/ea-passenger-runtime" "Mozilla/5.0 AppleWebKit/537.36 (KHTML, like Gecko; compatible; GPTBot/1.4; +https://openai.com/gptbot)"
